{"version":"1.0","provider_name":"The Chapter of Medical Engineering","provider_url":"https:\/\/www.mitsektionen.se\/en","author_name":"Kommunikationsansvarig","author_url":"https:\/\/www.mitsektionen.se\/en\/author\/info-mitsth-kth-se\/","title":"Pedagogisk dag - Sektionen f\u00f6r Medicinsk Teknik","type":"rich","width":600,"height":338,"html":"<blockquote class=\"wp-embedded-content\" data-secret=\"an6RiAnnct\"><a href=\"https:\/\/www.mitsektionen.se\/en\/pedagogisk-dag\/\">Pedagogisk dag<\/a><\/blockquote><iframe sandbox=\"allow-scripts\" security=\"restricted\" src=\"https:\/\/www.mitsektionen.se\/en\/pedagogisk-dag\/embed\/#?secret=an6RiAnnct\" width=\"600\" height=\"338\" title=\"&#8220;Pedagogisk dag&#8221; &#8212; Sektionen f\u00f6r Medicinsk Teknik\" data-secret=\"an6RiAnnct\" frameborder=\"0\" marginwidth=\"0\" marginheight=\"0\" scrolling=\"no\" class=\"wp-embedded-content\"><\/iframe><script type=\"text\/javascript\">\n\/* <![CDATA[ *\/\n\/*! This file is auto-generated *\/\n!function(d,l){\"use strict\";l.querySelector&&d.addEventListener&&\"undefined\"!=typeof URL&&(d.wp=d.wp||{},d.wp.receiveEmbedMessage||(d.wp.receiveEmbedMessage=function(e){var t=e.data;if((t||t.secret||t.message||t.value)&&!\/[^a-zA-Z0-9]\/.test(t.secret)){for(var s,r,n,a=l.querySelectorAll('iframe[data-secret=\"'+t.secret+'\"]'),o=l.querySelectorAll('blockquote[data-secret=\"'+t.secret+'\"]'),c=new RegExp(\"^https?:$\",\"i\"),i=0;i<o.length;i++)o[i].style.display=\"none\";for(i=0;i<a.length;i++)s=a[i],e.source===s.contentWindow&&(s.removeAttribute(\"style\"),\"height\"===t.message?(1e3<(r=parseInt(t.value,10))?r=1e3:~~r<200&&(r=200),s.height=r):\"link\"===t.message&&(r=new URL(s.getAttribute(\"src\")),n=new URL(t.value),c.test(n.protocol))&&n.host===r.host&&l.activeElement===s&&(d.top.location.href=t.value))}},d.addEventListener(\"message\",d.wp.receiveEmbedMessage,!1),l.addEventListener(\"DOMContentLoaded\",function(){for(var e,t,s=l.querySelectorAll(\"iframe.wp-embedded-content\"),r=0;r<s.length;r++)(t=(e=s[r]).getAttribute(\"data-secret\"))||(t=Math.random().toString(36).substring(2,12),e.src+=\"#?secret=\"+t,e.setAttribute(\"data-secret\",t)),e.contentWindow.postMessage({message:\"ready\",secret:t},\"*\")},!1)))}(window,document);\n\/\/# sourceURL=https:\/\/www.mitsektionen.se\/wp-includes\/js\/wp-embed.min.js\n\/* ]]> *\/\n<\/script>","description":"Den 14 Mars kommer det att h\u00e5llas en pedagogisk dag inne p\u00e5 KTH campus. P\u00e5 denna dag kommer studenter och l\u00e4rare att diskutera hur studenter skall kunna ha en b\u00e4ttre p\u00e5verkan p\u00e5 v\u00e5r utbildning. Det kommer vara en heldag mellan 9-16 och h\u00e5lls p\u00e5 Osquarsbacke 9, dvs p\u00e5 Arkitektskolans huvudplan. K\u00e4nner du att du har&nbsp;&hellip;"}

Pedagogisk dag - Sektionen för Medicinsk Teknik

<blockquote class="wp-embedded-content" data-secret="an6RiAnnct"><a href="https://www.mitsektionen.se/en/pedagogisk-dag/">Pedagogisk dag</a></blockquote><iframe sandbox="allow-scripts" security="restricted" src="https://www.mitsektionen.se/en/pedagogisk-dag/embed/#?secret=an6RiAnnct" width="600" height="338" title="&#8220;Pedagogisk dag&#8221; &#8212; Sektionen för Medicinsk Teknik" data-secret="an6RiAnnct" frameborder="0" marginwidth="0" marginheight="0" scrolling="no" class="wp-embedded-content"></iframe><script type="text/javascript">
/* <![CDATA[ */
/*! This file is auto-generated */
!function(d,l){"use strict";l.querySelector&&d.addEventListener&&"undefined"!=typeof URL&&(d.wp=d.wp||{},d.wp.receiveEmbedMessage||(d.wp.receiveEmbedMessage=function(e){var t=e.data;if((t||t.secret||t.message||t.value)&&!/[^a-zA-Z0-9]/.test(t.secret)){for(var s,r,n,a=l.querySelectorAll('iframe[data-secret="'+t.secret+'"]'),o=l.querySelectorAll('blockquote[data-secret="'+t.secret+'"]'),c=new RegExp("^https?:$","i"),i=0;i<o.length;i++)o[i].style.display="none";for(i=0;i<a.length;i++)s=a[i],e.source===s.contentWindow&&(s.removeAttribute("style"),"height"===t.message?(1e3<(r=parseInt(t.value,10))?r=1e3:~~r<200&&(r=200),s.height=r):"link"===t.message&&(r=new URL(s.getAttribute("src")),n=new URL(t.value),c.test(n.protocol))&&n.host===r.host&&l.activeElement===s&&(d.top.location.href=t.value))}},d.addEventListener("message",d.wp.receiveEmbedMessage,!1),l.addEventListener("DOMContentLoaded",function(){for(var e,t,s=l.querySelectorAll("iframe.wp-embedded-content"),r=0;r<s.length;r++)(t=(e=s[r]).getAttribute("data-secret"))||(t=Math.random().toString(36).substring(2,12),e.src+="#?secret="+t,e.setAttribute("data-secret",t)),e.contentWindow.postMessage({message:"ready",secret:t},"*")},!1)))}(window,document);
//# sourceURL=https://www.mitsektionen.se/wp-includes/js/wp-embed.min.js
/* ]]> */
</script>

Den 14 Mars kommer det att hållas en pedagogisk dag inne på KTH campus. På denna dag kommer studenter och lärare att diskutera hur studenter skall kunna ha en bättre påverkan på vår utbildning. Det kommer vara en heldag mellan 9-16 och hålls på Osquarsbacke 9, dvs på Arkitektskolans huvudplan. Känner du att du har&nbsp;&hellip;
